 310, 2*b - 154 = -2*r. List the prime factors of r.
3, 5
Suppose -4*t + 2*a + 58 = 10, 0 = 2*a. Let q = 6 + t. What are the prime factors of q?
2, 3
Suppose 3*o - 3*c = 3616 + 164, 3*o + 5*c = 3740. List the prime factors of o.
5, 251
Let i be 3 - (-4 - -24 - -5). Let s = i - -62. What are the prime factors of s?
2, 5
Suppose 4*l - 305 = -5*b, -3*b + 5*l = b - 203. Suppose -x = -b + 37. What are the prime factors of x?
2, 5
Let x be 4/(-6 - -2) + 6. Suppose 3*m - 27 - 15 = x*p, 4*m = -4*p + 24. List the prime factors of m.
3
Let z be 12 + -15 + (0/(-1) - -4). What are the prime factors of (-17 + (z - 0))/((-4)/8)?
2
Let t(i) = i**2 - 4*i - 1. Let l be t(5). Suppose -q - 7 = l. Let z(a) = a**2 + 9*a - 4. List the prime factors of z(q).
2, 3
Suppose -18*x + 1986 = -6618. List the prime factors of x.
2, 239
Suppose -2*o + 4*h = -18 - 12, -5 = o + 2*h. Suppose y = -4*v - o, 2*v + 1 + 12 = y. Let a = 5 + y. What are the prime factors of a?
2, 3
Let s(w) = 74*w + 183. What are the prime factors of s(7)?
701
Suppose 6*b + 16*b - 68552 = 0. List the prime factors of b.
2, 19, 41
Let o(u) = -3*u - 11*u + 1 + 10*u**2 + 5*u - 3*u**2. What are the prime factors of o(4)?
7, 11
Suppose 2 + 6 = -4*q - 2*w, -5*q + 3*w + 1 = 0. List the prime factors of (-41)/(q/1*1).
41
Let s(l) = -l**3 + 7*l**2 - 5*l - 6. Let c be s(6). Suppose r - 4*r = 2*m + 21, -2*r + 3*m - 27 = c. List the prime factors of (-85)/(-3) - r/(-27).
2, 7
Let j(u) = 2*u**3 + 2*u**2 + 10*u + 12. List the prime factors of j(6).
2, 3
Suppose 0 = -35*p + 85931 + 124664. What are the prime factors of p?
11, 547
Suppose -j = 7 + 1. What are the prime factors of 144 - j/4 - (-3)/(-1)?
11, 13
Let p(v) = -4*v + 31. Let r be p(-15). Let f = 70 + r. List the prime factors of f.
7, 23
Let o(c) = -c + 178. What are the prime factors of o(-28)?
2, 103
Suppose -962 = 2*l - 4008. What are the prime factors of l?
1523
Let a(x) = -x**2 + 12*x + 1. Let y = -3 - -6. Let h be ((-10)/y)/((-3)/9). What are the prime factors of a(h)?
3, 7
Let r be (170/51)/((-2)/(-6)). Suppose -140 = 8*f - r*f. What are the prime factors of f?
2, 5, 7
Let x be 2/22*-2 + (-322)/(-77). Suppose 5*c = -5, x*o - 6*c + 3*c = 663. What are the prime factors of o?
3, 5, 11
Let q(z) = -6*z**3 - 6*z**2 + 5. Let a be q(-5). Suppose 0 = -0*c + 5*c - a. List the prime factors of c.
11
Suppose -3*w + 66 + 9 = 0. List the prime factors of (-7)/(35/w)*-47.
5, 47
Suppose 9019 = 2*p + 3*r, 9251 + 4325 = 3*p - 5*r. List the prime factors of p.
4517
Let q(o) = -o**3 - 6*o**2 + 3*o - 14. Let s be q(-7). Suppose s*g - 17*g + 93 = 0. List the prime factors of g.
31
Let d = -133 + 52. Let k(r) = -r**2 + r. Let y be k(-6). Let p = y - d. List the prime factors of p.
3, 13
Let c be 1/3 + (-26)/(-39). Let q(y) = -y**3 - 2*y + 1. Let d be q(c). Let o = d + 10. What are the prime factors of o?
2
Let j(g) = -5*g**3 - 11*g**2 - 11. Let s(p) = -6*p**3 - 11*p**2 + p - 10. Let n(o) = 5*j(o) - 4*s(o). Suppose -20 = 2*m + 2. List the prime factors of n(m).
29
Let y(i) = -i**3 + i**2 + 5*i + 788. What are the prime factors of y(0)?
2, 197
Let h be -34 + (2 + -6)*-1. Let u = 19 - h. What are the prime factors of u?
7
Suppose 5*q + 3*w = 4*w + 3, 3*q - 6 = 2*w. Suppose q = -i - 4 + 1. List the prime factors of 188/6 - 2/i.
2
Suppose -14*h - 1072 = -4*b - 12*h, 0 = 4*b - 3*h - 1076. List the prime factors of b.
2, 7, 19
What are the prime factors of (2 + 861)/(38/76)?
2, 863
Suppose -5*a = -7*a - 2*w + 4, 4*a + 3*w - 10 = 0. Suppose 0 = a*b + 5*r - 336, 5 + 7 = 3*r. What are the prime factors of b?
79
Let j = -527 - -1038. List the prime factors of j.
7, 73
Let j(y) = -y + 4. Let l be j(-7). Suppose 0 = -5*z - 20, -5*w = -2*z + l - 29. List the prime factors of (w + 0)/(12/282).
47
Suppose -4*d = 10*d - 11102. List the prime factors of d.
13, 61
Suppose 130729 - 8849 = 44*a. List the prime factors of a.
2, 5, 277
Let p(w) = w + 3*w - w + 15*w**2 - w**3 - 8 + 24. List the prime factors of p(15).
61
Suppose 5*q - 509 - 1431 = -5*a, q = 2*a - 785. Let x = -259 + a. List the prime factors of x.
2, 3, 11
Suppose 0 = -5*y - 261 + 1906. What are the prime factors of y?
7, 47
Suppose 7*j - b = 5*j + 5971, 0 = -b - 1. List the prime factors of j.
3, 5, 199
Let m = -21 - -23. Suppose -m*l - 4*s = -36 - 16, 4 = -s. Suppose -l = -6*w + 92. What are the prime factors of w?
3, 7
Let u(y) = 2*y**2 + 4*y - 5. Suppose 0 = -g + 4*g + 15. Let k be u(g). Suppose k = 2*h - z, 0*h = -4*h - 5*z + 57. List the prime factors of h.
13
Let t(q) = q**2 - 13*q - 18. Let y be t(15). Suppose 15*v - y*v - k = 117, -v = 3*k - 49. What are the prime factors of v?
2, 5
Let g = 54 + -51. Suppose -23 = -p + 2*b - 7*b, -g*p - 3 = -3*b. List the prime factors of p.
3
Suppose 2*m + 24 = -8. Let i = 108 + m. What are the prime factors of i?
2, 23
Suppose -11*r + 12*r = 291. What are the prime factors of r?
3, 97
Let a(h) = -1225*h + 76. List the prime factors of a(-1).
1301
Suppose -2*v = -3*a + 1661, 4*a - v - 2*v = 2213. List the prime factors of a.
557
Suppose -5*k = k - 12. Suppose k*c - 260 = -2*c. List the prime factors of c.
5, 13
What are the prime factors of 4/6 + 11540/15?
2, 5, 7, 11
Let v = 89 + -77. List the prime factors of ((-18)/v)/(6/10)*-64.
2, 5
Let a(j) = -25*j**3 + j**2 + 7*j + 4. List the prime factors of a(-3).
23, 29
List the prime factors of 1/(-3) + -4405*(-20)/150.
587
Suppose -9*o = -11*o. Let h(t) = -1 + o - 77*t + 108*t. List the prime factors of h(1).
2, 3, 5
Let n(o) = -o + 8. Let z be n(5). Let k = z + -3. Suppose k*c + 75 = 3*c. What are the prime factors of c?
5
Suppose -p = 3*p - 8. Suppose 2*l - 5*l = -p*z + 9, -3*z = 0. Let v(o) = -3*o**3 - o**2 + 3*o - 4. List the prime factors of v(l).
59
Let d(m) = -283*m + 32. List the prime factors of d(-9).
2579
Let m = 2054 - 1406. Suppose 3*f + m = 6*f. What are the prime factors of (-2)/7 - f/(-21)?
2, 5
Suppose 4*p + 72 = 5*g + 2*p, -5*g + 5*p = -75. Let m be (-3)/(-4) + 9/(-12). Suppose g = 2*i - m*i. List the prime factors of i.
7
Suppose -2*b - t + 8821 = 0, 5*b - 2*t = -7*t + 22040. What are the prime factors of b?
3, 1471
Let z be (-5)/(-15) - (825/(-9) + -1). Suppose -2*b = -2*w - z + 17, 4*w = -4*b + 144. List the prime factors of b.
37
Suppose -o + 2 = 3, -2*o - 3620 = -3*q. What are the prime factors of q?
2, 3, 67
Let y be 0*(-1)/(-1) + (-9 - -86). Let j(z) = z**2 + 3*z + 6. Let p be j(-8). Let q = y - p. List the prime factors of q.
31
Suppose 17*t - 10 = 12*t. Suppose -t*s - 4*s = -786. List the prime factors of s.
131
Let j(c) = -c + 4. Let n(k) = -1. Let w(v) = -3*j(v) - 6*n(v). Let y be w(3). Suppose -2*m + 79 = y*a, 0 = a - 5*a + 5*m + 136. What are the prime factors of a?
29
Let f(x) = 34*x**2 - 22*x - 257. What are the prime factors of f(-8)?
5, 419
Suppose 0 = 3*r + 2*c - 53, 0 = 3*r - 2*c - 3*c - 88. Let t(v) = -7*v + 8. Let o be t(-4). Let i = o - r. List the prime factors of i.
3, 5
Suppose -2*r = -2*i - 4, 3*i = 2*r + 2 - 3. Suppose 0 = -i*x + x. Suppose x = 5*u + 4*q - 67, 5*q + 9 + 1 = 0. What are the prime factors of u?
3, 5
Let a(p) = -p**3 + 17*p**2 - 48*p - 4. List the prime factors of a(10).
2, 3
Suppose 0*o + 1719 = 9*o. Suppose -b + o - 29 = 0. What are the prime factors of b?
2, 3
Suppose 0*f - 47 = 2*f - 3*l, -f = l + 11. Let u be (-62)/8 + 2/(-8). Let i = u - f. What are the prime factors of i?
2
Suppose 28*q = 29750 + 2982. What are the prime factors of q?
7, 167
Let a = 0 + 3. Suppose d + 2*p - 1 = 2, -d - a*p = -3. Suppose 3*y - 14 = -f + y, -3*f + 6 = -d*y. List the prime factors of f.
2, 3
Let v = -117 + 164. Suppose -3*l + 2*b = -6*l + 233, 314 = 4*l + 2*b. Let k = l - v. What are the prime factors of k?
2, 17
Suppose 3*b + 5 = -5*f, -5*f + 19 = -b + 4. Suppose -q - 67 = -i + f*q, q = -2*i + 148. List the prime factors of i.
73
Let a = -32 - -34. Suppose 0 = v + a - 15. What are the prime factors of v?
13
Suppose -2*x - 336 + 1193 = 3*o, 4*x = 2*o + 1706. List the prime factors of x.
7, 61
Suppose 0 = -8*h + 914 + 9550. What are the prime factors of h?
2, 3, 109
Let n(q) = 19*q**2 + 7*q + 57. List the prime factors of n(9).
3, 7, 79
Let d(s) = -s**3 - 14*s**2 - 2. Let y be d(-14). Let i be 56/2*1/y. Let b = 29 + i. List the prime factors of b.
3, 5
List the prime factors of (-2)/(((-8)/